is the units digit of z?
7
Let j(n) = n**3 + 6*n**2 + 3*n - 7. Let f be j(-5). Suppose g + 2*g + f*y = -12, 4*g = 5*y + 29. What is the units digit of g?
1
Let z(f) = -f + 1. Let y be z(-8). Suppose 0 = -5*d + y*d - 100. What is the units digit of d?
5
Let p(v) = -7*v - 1. What is the tens digit of p(-4)?
2
Let n = 48 - 23. What is the tens digit of n?
2
Let l be 1*(2 - -41) + 0. Suppose 2*j - 56 = -2*u, 3*j + l = 4*j + 4*u. What is the tens digit of j?
2
Let m(r) = -r**2 + 3*r. Let h(v) = -2*v**2 + 6*v + 1. Let q(c) = 3*h(c) - 7*m(c). Let d = -9 + 12. What is the units digit of q(d)?
3
Let c(a) = -a**3 - a + 13. What is the units digit of c(0)?
3
Suppose 22*i = 20*i + 156. What is the tens digit of i?
7
Suppose 0 = 2*j + 2*j + 16. Let r be 3*(-5)/(30/j). Suppose r*m - 11 = -v, -5*m + 7 = 2. What is the units digit of v?
9
Suppose k - 4*k = 0. Let f(j) = -j - 1. Let c be f(-5). Suppose -2*i = -k*i - c. What is the units digit of i?
2
Let g be 12/(-3 - 3/(-2)). Let n be g/(-3)*54/4. Let z = 51 - n. What is the units digit of z?
5
Suppose 2*t - 44 = 4*s, 0 = -t - 3*s + 38 - 16. What is the tens digit of t?
2
Suppose 3 = -h + 2*h. Suppose 1 + 68 = h*t. What is the units digit of t?
3
Let v(i) = -i**2 - 5*i - 1. What is the units digit of v(-4)?
3
Let q(t) = -t + 4. Let o(l) = -l**3 - 2*l**2 + l - 1. Let b be o(-2). What is the units digit of q(b)?
7
Suppose t + 8 = 2*t. Suppose 6*h - 2*h = t. Suppose -b + 3*a + 22 = -h, -37 = -3*b + 2*a. What is the units digit of b?
9
Let o(y) = y**2 - 9*y - 24. What is the units digit of o(17)?
2
Let q(h) = -h**2 + 4*h - 6. Let a(w) = -w - 6. Let u be a(-4). Let n(k) = 2*k**2 - 4*k + 6. Let p(o) = u*n(o) - 3*q(o). What is the units digit of p(-5)?
1
Let v = 1 - 3. Let p = 6 + v. Suppose 5*j - 84 = j + p*u, -22 = -2*j - 2*u. What is the tens digit of j?
1
Suppose -4*b - 150 = -7*b - 3*j, 4*b - 245 = 5*j. What is the units digit of b?
5
Suppose -g + 31 = -3. Suppose 4*i + 4*b + 96 = 0, -2*b + 78 + 21 = -5*i. Let l = g + i. What is the units digit of l?
3
Let t be 31 - (12/2)/2. Suppose b + 2*z = 2 - 0, -t = -2*b + 2*z. What is the tens digit of b?
1
Let h = -153 + 241. What is the tens digit of h?
8
Suppose -4*u + 30 = u. Let g = -2 + u. Suppose z - g = -0. What is the units digit of z?
4
Suppose -2*a + 29 = -29. What is the tens digit of a?
2
What is the units digit of (-7 - -39) + 5 + -2?
5
Let t(c) = -3*c**2 - 13*c - 11. Let q(k) = -k**2 - 6*k - 5. Let v(x) = 9*q(x) - 4*t(x). What is the units digit of v(3)?
0
Suppose 0 = 5*z + 2*g + 10, -2*g = 14 - 4. Suppose 2*m + j = 25, j + 20 = m - z*j. What is the units digit of m?
5
Let r(w) = w**3 + 8*w**2 + 8*w + 9. Let i be r(-7). What is the units digit of (i/3)/(-2)*-3?
1
What is the units digit of -2*98/(-4) + -2?
7
Let x = 433 + -189. What is the units digit of (x/4*-1)/(-1)?
1
Suppose -5*d - 89 = -24. What is the units digit of (48/12)/((-1)/d)?
2
Let q be 1/((-8)/(-6) - 1). Suppose -17 = -q*c + 19. What is the units digit of c/(0 - -1) - 0?
2
Suppose -2*w = -3*p, 0*p - 3*p - 12 = 0. What is the tens digit of w/27 - 274/(-18)?
1
What is the hundreds digit of ((-4)/(-18) + 2294/(-36))*-2?
1
Let h = 27 + 11. What is the units digit of h?
8
Suppose 153 = 4*h - 11. What is the units digit of h?
1
Let u = 15 + 21. Suppose -3*p + u = -0*z - 5*z, 3*p + 4*z - 36 = 0. What is the tens digit of p?
1
Let q(n) = 13*n**3 + 28*n**2 + 20*n - 10. Let h(g) = 9*g**3 + 19*g**2 + 13*g - 7. Let f(x) = 7*h(x) - 5*q(x). What is the units digit of f(-4)?
3
Let y be 141/(-15) - (-2)/5. Let t be y/6*(-7 - -1). What is the tens digit of -15*(-6)/t - 0?
1
Suppose 2 = -2*i - 4*l, 4*i - 2*l = 6 - 0. What is the units digit of 8/(-10)*(i - 31)?
4
Let s = -3 + 5. Let q be 0 - (s - 0) - -32. What is the units digit of (q/25)/(4/10)?
3
Let m(t) = -t**3 - t**2 + 3*t + 3. Let f(x) = -x**2 - 8*x + 6. Let a be f(-9). Let n be m(a). Let v = n - 1. What is the tens digit of v?
1
Let x be (-4)/(1*-2) + 2. Suppose 4*k = -b + 6, 2*k = -x*b - 3*k + 13. Suppose o - b*t + 7*t - 13 = 0, -2*t = o - 7. What is the units digit of o?
3
Suppose 4*d - 4*a - 112 = 0, 0 = 4*d + 3*a - 67 - 31. What is the tens digit of d?
2
Suppose 2*s - s - 1 = 0, 0 = 4*c - 2*s - 14. Suppose -2*q + 3*g = 0, 30 = -3*q + c*g - 7*g. Let r(z) = z**3 + 6*z**2 - 3*z - 7. What is the units digit of r(q)?
1
Let m(o) be the first derivative of 1 + 9*o - 1/2*o**2. What is the units digit of m(4)?
5
Suppose -16 = -6*t + 2*t. Suppose 2*k = -z - 20, k + t = -z - z. Let i = 25 + k. What is the tens digit of i?
1
Let y(c) = c**2 + 4*c + 6. Let o be y(-4). Suppose 2*r - 19 = -5*d - o, 0 = -2*r - 3*d + 7. What is the units digit of r*(-2)/(-4)*-2?
1
Suppose 587 + 1177 = 9*z. What is the tens digit of z?
9
Suppose -5*y + 22 = -3*y. Suppose -3*h - 9 = 0, -c - 5*h - 10 = -0*c. Let x = y - c. What is the units digit of x?
6
Let w be ((-1)/(-2))/((-2)/(-4)). Let h = w - -2. What is the units digit of 3*3 + (h - 3)?
9
Suppose 2*i = 3*j + 264, 0 = 2*j - 4*j. What is the units digit of i?
2
Let v = 704 + -355. What is the hundreds digit of v?
3
Let i = 8 + 0. Suppose -2 = -2*a - i, 0 = l - 4*a - 23. What is the tens digit of l?
1
Suppose 0 = -5*o - 4 - 11. What is the units digit of 7 + o*(-1)/3?
8
Suppose 46 - 230 = -4*w. Suppose 5*f - w = 4. What is the units digit of f?
0
Suppose 20 = -q + 6*q, -5*q + 452 = 4*w. What is the tens digit of w?
0
Let w be (-6)/(-2) - (-12)/2. Let u be -2 - (1 + -2 + 2). What is the units digit of u/(-2)*6/w?
1
Let q(r) = r**3 - 8*r**2 - r + 2. Let y be q(8). Let m = y + 15. What is the units digit of m?
9
Suppose -3*s = -9, 2*l + l = 5*s - 3. What is the units digit of l?
4
Suppose -10 = -j - 9. What is the units digit of j?
1
Suppose 0 = 2*j + 13 - 3. Let c be ((-6)/8)/(j/20). Suppose y = 5, -2*q - 36 = -3*q - c*y. What is the tens digit of q?
2
Suppose 5*f + 0*f - 5*n = 15, 3*n - 26 = -4*f. Suppose 2*m = z + 2, 0 = -5*m - f*z + z + 18. What is the units digit of m?
2
Let f = -6 - 6. Let w = f - -17. What is the units digit of (18/5 - 3)*w?
3
Let h = 589 - 937. Let a be (-2)/3 + h/(-9). Suppose q - 2 = -3*x + a, q + 2 = 0. What is the units digit of x?
4
Let g = 24 - 16. Suppose 3*x = 2*x - g. Let s = x + 16. What is the units digit of s?
8
Let b be 0/(-3) + 0/1. Suppose -c - 4*c = b. Suppose -3*v + 9 + c = 0. What is the units digit of v?
3
Let c(i) = -30*i - 8. What is the tens digit of c(-2)?
5
Let m(w) = -w**2 - 8*w - 5. Let a be m(-5). Let h = 45 - a. What is the units digit of h?
5
Let x = 91 + -49. What is the units digit of x?
2
Let w(d) = d + 18. Let s(r) = r**3 + 4*r**2 - 2*r + 5. Let l be s(-5). What is the units digit of w(l)?
8
What is the units digit of (2*(-235)/10)/(3/(-6))?
4
Let z(t) = 4*t**3 + t**2 - 1. Suppose 5*a = 6*a - 1. Let x be z(a). What is the units digit of -2 + -6*(-6)/x?
7
Let a(q) = -q + 6. Let f be a(4). Let n(o) = 5*o**2 - 3*o + 1. What is the units digit of n(f)?
5
Let k(q) be the first derivative of -q**4/4 + 8*q**3/3 + 3*q**2 - 10*q - 7. What is the tens digit of k(8)?
3
Let m(q) = 4*q**2 + 17*q + 7. Let t(u) = -u**2 - 4*u - 2. Let v(n) = -2*m(n) - 9*t(n). What is the units digit of v(-3)?
7
Let g be (1*-1)/(1/7). Suppose 5*o - 2*u = 80, -4*o + 2*u - 4 = -5*o. What is the units digit of (-4)/o + (-30)/g?
4
Let g = 8 - 6. Let s = 9 - g. What is the units digit of s?
7
Suppose 0 = f + 2*f - 159. What is the units digit of f?
3
Let v(t) = 3*t**2 - 1. Let l = 5 - 4. Let j be v(l). Suppose 2*o + 0 = j. What is the units digit of o?
1
Suppose 4*j + 3*y + 1 = 0, 3*j = -2*y - y + 3. Let u = 19 - j. What is the tens digit of u?
2
Suppose 145 = b + 4*b - 3*c, -c = -3*b + 91. Suppose 4*p = 3*g - 7*g + b, 4*g - 27 = -3*p. What is the units digit of g?
3
Let b(q) = -48*q + 16. What is the hundreds digit of b(-3)?
1
Let z(f) = -2*f. Let n = 10 + -7. Suppose 0*l = -n*l - 6. What is the units digit of z(l)?
4
Let b(k) = -k**3 - 9*k**2 - 11*k + 2. What is the units digit of b(-8)?
6
Let h = -4 - -7. Let o = h - 0. Let k = 10 + o. What is the units digit of k?
3
Let j(a) = a**3 + 15*a**2 + 13*a - 10. Let g be j(-14). Let h = g - -2. What is the units digit of h?
6
Suppose 0 = 3*s + 3*h - 15, 2*h - 16 = -4*s - 0*h. Let r = s - -10. What is the tens digit of r?
1
Suppose r - 196 = -3*r. What is the uni